n base 14?
39b9b
200222221020112 (base 3) to base 2
100110100000110111100001
What is 125582 (base 11) in base 10?
197683
What is -2031246 (base 7) in base 15?
-4bed6
What is -2323134344 (base 5) in base 9?
-10847166
Convert -1131124 (base 6) to base 16.
-e4dc
-11306360 (base 7) to base 8
-3625104
592a2 (base 11) to base 2
10100111000100010
What is 13110033 (base 4) in base 9?
45086
-1224a (base 11) to base 14
-65b1
What is -1035554244 (base 6) in base 7?
-164113426
21110020211 (base 3) to base 15
2d70d
Convert -1224516 (base 8) to base 10.
-338254
What is -1010110010110111011111 (base 2) in base 16?
-2b2ddf
5078c (base 14) to base 16
2f428
36757 (base 9) to base 14
8dc8
Convert -21223302210 (base 4) to base 14.
-4a124c
Convert -3248 (base 12) to base 9.
-7522
Convert a80c (base 13) to base 4.
11230212
Convert 291b5 (base 12) to base 7.
326033
Convert -2a8b3d (base 14) to base 13.
-3cc5b8
885433 (base 14) to base 15
61532e
Convert -2231343142 (base 5) to base 9.
-10273754
What is -25655277 (base 8) in base 4?
-111311222333
14321 (base 12) to base 4
12313021
What is 121022422 (base 5) in base 6?
20031344
Convert -c990 (base 15) to base 3.
-2011112000
Convert -200022320 (base 4) to base 3.
-20200202022
Convert 3911172 (base 10) to base 13.
a6c305
-20750005 (base 9) to base 5
-10030341331
10001010011010111100 (base 2) to base 5
121120342
What is -9aa62 (base 12) in base 14?
-54c0a
What is 1000022120 (base 3) in base 11?
13a64
Convert -380a2 (base 13) to base 6.
-2114355
What is -3f2c00 (base 16) in base 6?
-224422452
What is 121483 (base 10) in base 8?
355213
d8a3 (base 16) to base 8
154243
211022002012220 (base 3) to base 16
b4d41f
Convert -6426600 (base 7) to base 13.
-214203
What is -2230522 (base 7) in base 11?
-179711
Convert -3022303031 (base 4) to base 13.
-231128
What is 1885b7 (base 14) in base 13?
245271
What is -c733a (base 15) in base 16?
-9a42f
What is 1794718 (base 11) in base 10?
3036877
What is -10202302130 (base 4) in base 2?
-100100010110010011100
What is -141234 (base 7) in base 13?
-c306
247692 (base 12) to base 4
2100330032
Convert -2023230033 (base 4) to base 2.
-10001011101100001111
100101010111011111 (base 2) to base 10
153055
Convert 121001021020 (base 3) to base 10.
315852
3a524 (base 13) to base 10
108528
What is -11101101000101101001111 (base 2) in base 14?
-1063343
Convert 1063540 (base 7) to base 6.
2505221
Convert -41082a (base 11) to base 8.
-2410605
What is 112473 (base 14) in base 11?
3687a9
Convert 134104 (base 8) to base 15.
de9c
Convert 7882756 (base 9) to base 10.
4247043
Convert -383244 (base 9) to base 2.
-111000101001011000
-34110126 (base 7) to base 16
-2d2c76
336661 (base 11) to base 12
21a127
27015 (base 14) to base 4
113130323
What is 10121221031 (base 4) in base 2?
100011001101001001101
What is -39c512 (base 13) in base 12?
-575148
What is -10111101101000010 (base 2) in base 9?
-157157
Convert 27e68 (base 15) to base 14.
34999
-15664 (base 14) to base 4
-31002120
4a6933 (base 13) to base 16
1b3eb7
Convert 613344 (base 10) to base 8.
2255740
Convert -101111101101111111101 (base 2) to base 13.
-429945
Convert -205053240 (base 6) to base 12.
-1257220
What is 3433235 (base 7) in base 9?
722745
What is -364162 (base 10) in base 16?
-58e82
10101000110001110011000 (base 2) to base 11
3138186
Convert 18992 (base 11) to base 5.
1321404
Convert -5051003 (base 6) to base 14.
-63655
What is 80cf54 (base 16) in base 3?
120212212210222
What is bd68 (base 16) in base 8?
136550
What is 1213616 (base 7) in base 9?
255552
Convert 2d70a (base 14) to base 12.
55aa6
What is -28723 (base 12) in base 16?
-dc0b
What is -8caaa (base 13) in base 16?
-3eaaa
44bbb5 (base 12) to base 13
2c62c7
-273aab (base 12) to base 8
-2364543
Convert -4035062 (base 7) to base 3.
-220100211102
What is 136168 (base 12) in base 14?
852da
304415 (base 6) to base 16
5f1b
Convert -3314142201 (base 5) to base 15.
-96bb51
Convert -11141300 (base 5) to base 2.
-11000010011110111
Convert 15222b (base 16) to base 6.
45404015
What is 3453a49 (base 11) in base 6?
333222404
Convert -10260270 (base 8) to base 9.
-4103547
What is 1b210 (base 12) in base 16?
9c6c
What is 1042324 (base 7) in base 2?
11111010001101000
What is -10512632 (base 8) in base 16?
-22959a
What is -3330033300 (base 4) in base 5?
-231030300
Convert -10011011001000001000101 (base 2) to base 11.
-29620a6
-691225 (base 13) to base 15
-341eed
Convert 32607707 (base 8) to base 6.
410215143
Convert -7775759 (base 10) to base 14.
-1065a35
-2012111433 (base 5) to base 16
-3d55a2
Convert -2415132 (base 6) to base 12.
-614a8
What is -2658177 (base 11) in base 15?
-60b076
What is -6626415 (base 7) in base 10?
-813804
10000012011 (base 3) to base 9
100164
-469956a (base 11) to base 4
-133101031303
-1662483 (base 14) to base 2
-101001111011111011010011
Convert -22101313 (base 4) to base 10.
-42103
What is 851702 (base 9) in base 5?
112201440
-13ad5 (base 14) to base 2
-1011111010011011
102222000000 (base 3) to base 9
388000
554226 (base 7) to base 14
27786
Convert -2022200020021 (base 3) to base 12.
-4b5ab1
Convert -21220013 (base 4) to base 16.
-9a07
What is 4816a5 (base 13) in base 9?
3206254
Convert -808374 (base 9) to base 2.
-1110100110101000110
Convert 10001011001001111100100 (base 2) to base 16.
4593e4
-11111011100110011 (base 2) to base 10
-128819
What is -1233153235 (base 6) in base 9?
-30135515
What is -2975546 (base 12) in base 15?
-b03c4c
-2221120200220 (base 3) to base 9
-2846626
What is -100000000111101000 (base 2) in base 13?
-47b60
152374 (base 15) to base 16
f9082
a12938 (base 14) to base 15
722173
135b87 (base 13) to base 7
3665030
12088826 (base 9) to base 16
5a19cb
-1031369 (base 10) to base 14
-1cbc13
What is -1194459 (base 10) in base 4?
-10203213123
Convert -36554660 (base 8) to base 6.
-444321412
-abc047 (base 13) to base 14
-777336
What is -31812 (base 9) in base 12?
-1023b
68a4b (base 13) to base 14
4d6d1
Convert -74bf7 (base 16) to base 12.
-1b089b
Convert 1003130330 (base 4) to base 2.
1000011011100111100
8521136 (base 9) to base 14
86a110
231111100 (base 4) to base 13
66691
What is d5a1 (base 16) in base 10?
54689
Convert -145863 (base 11) to base 13.
-7c602
Convert -200122001122201 (base 3) to base 12.
-3396224
-1001100101011000100 (base 2) to base 5
-40022202
Convert 1e65d (base 15) to base 9.
161207
Convert 1266163 (base 7) to base 16.
28f8d
Convert -5063 (base 12) to base 3.
-102221210
-1720a99 (base 14) to base 15
-ee9ca6
What is 11a355 (base 11) in base 13?
682b2
Convert -305541412 (base 6) to base 8.
-24217720
Convert 1d6087 (base 15) to base 10.
1437877
What is 3128a46 (base 11) in base 4?
111002321330
44e73 (base 16) to base 15
58952
Convert -ab5388 (base 15) to base 11.
-4679a70
73849 (base 15) to base 3
200121120020
What is -8680663 (base 10) in base 13?
-1a4c1b4
What is -592622 (base 11) in base 8?
-3454624
1532112 (base 6) to base 12
44038
What is 29d84d (base 16) in base 13?
7502bc
213033022 (base 6) to base 7
44106104
What is 135ff (base 16) in base 15?
187a9
61267 (base 13) to base 6
3421254
Convert -6c484 (base 13) to base 12.
-96a6a
What is -2239997 (base 12) in base 11?
-3773238
What is 31442 (base 12) in base 3?
10021120012
What is 1188079 (base 11) in base 16?
1f70ba
What is -150c99 (base 13) in base 16?
-7e09c
-277714 (base 8) to base 10
-98252
Convert b73328 (base 15) to base 2.
100001010000100000000010
Convert 1b3551 (base 12) to base 13.
13ba48
Convert 4424583 (base 9) to base 13.
6537ab
Convert -a7a07c (base 13) to base 16.
-3c0ad2
What is 16671062 (base 8) in base 4?
32313020302
What is -57642445 (base 8) in base 15?
-117916c
-141a6 (base 16) to base 2
-10100000110100110
Convert -238832 (base 16) to base 15.
-30ee6b
20135142 (base 6) to base 7
4603421
Convert 173a6 (base 12) to base 7.
166230
What is -798a5 (base 16) in base 2?
-1111001100010100101
1520c (base 15) to base 6
1242350
308c36 (base 13) to base 2
100010100101111011000
What is -55078 (base 15) in base 16?
-41f21
What is 6442345 (base 8) in base 14?
32b577
What is 435451 (base 6) in base 16?
8d97
-12122202200 (base 3) to base 15
-22ee6
What is -11100110101110110 (base 2) in base 3?
-20000001100
1010001111011000000110 (base 2) to base 3
12001101100001
-3013340 (base 6) to base 14
-3